er when n is divided by h(4)?
2
Suppose v + b + 4 = 0, 3*b - 25 + 1 = 3*v. What is the remainder when 728/39*v/(-4) is divided by 15?
13
Suppose -18*w + 838 = -2546. Calculate the remainder when w is divided by 13.
6
Calculate the remainder when ((-10)/4 + 3)/((-34)/(-3672)) is divided by 8.
6
Let k(n) = -5*n - 24. Let v be k(-7). Suppose 11*j - v - 33 = 0. Let m(b) = b**3 + b**2 + b + 9. What is the remainder when m(0) is divided by j?
1
Let q(x) = x**3 - 8*x**2 + x + 2. Let u be q(6). Let k = -60 - u. What is the remainder when k is divided by 6/9 - 8/(-6)?
0
Suppose 3*s = 6 + 48. Let k(b) be the third derivative of -b**5/60 + 5*b**4/8 + 4*b**3/3 - 24*b**2. Calculate the remainder when k(11) is divided by s.
16
Let l(w) = w**2 - 29*w - 54. Calculate the remainder when l(31) is divided by 4.
0
Suppose -3*q + 92 = q. Calculate the remainder when 91 is divided by q.
22
Let m be (-15)/10*(-416)/6. Suppose -m - 116 = -5*j. Calculate the remainder when j is divided by 16.
12
Suppose 9 + 1 = 2*h, -3*h + 15 = 5*t. Suppose 2*j = 6*j + l - 701, j + 5*l - 199 = t. Calculate the remainder when j is divided by 44.
42
Let k(h) = 9*h - 2. Let j be k(2). Suppose -39 = -19*d + j*d. Calculate the remainder when 101 is divided by d.
10
Let v(l) = l**2 + 3*l - 135. What is the remainder when v(-18) is divided by 68?
67
Suppose 3*p + 41 = -7*s + 8*s, -99 = -3*s + 3*p. What is the remainder when s is divided by 20?
9
Let l(i) = -i**3 + 6*i**2 + i - 2. Let s be l(6). Let a(j) = -4*j + 4*j - s*j + 8 - 4. Calculate the remainder when 29 is divided by a(-3).
13
Let w = 231 + -201. Calculate the remainder when 95 is divided by w.
5
Let w(b) = -b**3 - 9*b**2 + 9*b + 3. What is the remainder when 1571 is divided by w(-10)?
11
Let i(q) = q**3 - 4*q**2 + 4*q - 2. Let j be i(2). Let x(t) = 30*t**2 - 6*t - 9. What is the remainder when x(j) is divided by 26?
19
Let x(m) = 19*m - 40. Let t be x(12). Suppose 12*w + t = 16*w. What is the remainder when w is divided by 12?
11
Let j = -823 - -1015. Calculate the remainder when j is divided by 44.
16
Let f(k) = k**2 + 10*k - 3. Suppose 0 = 2*y - 8 + 26. Let u be f(y). Let v = u - -16. What is the remainder when v is divided by 2?
0
Suppose -2*a - 5*l - 13 = 0, 4 - 14 = 2*l. Calculate the remainder when 7 + (-30)/(-5) + -4 + 1 is divided by a.
4
Suppose -4*t + 338 = -1018. What is the remainder when t is divided by 17?
16
What is the remainder when 1/(-9)*-3 - 416/(-12) is divided by 10?
5
Suppose -9*r + 10*r - 37 = -3*f, 3*r = 2*f - 43. What is the remainder when 133 is divided by f?
7
Let x(t) = 4*t**2 - 4*t + 11. Calculate the remainder when x(8) is divided by 7.
4
Let i(s) = s**2 + s - 17. What is the remainder when 23 is divided by i(5)?
10
Suppose -208 = -4*o + 136. Calculate the remainder when o + -5 + (-1 - -3) is divided by 17.
15
Let o = -6 - -5. Let p be (3 + -92)*(2 + o). Let t = 134 + p. Calculate the remainder when t is divided by 12.
9
What is the remainder when 8 is divided by (-1560)/(-440) - 12/22?
2
Calculate the remainder when 9 - 9471/(-49) - (-4)/(-14) is divided by 103.
99
Suppose -p = -3*m + 10, p - 2*p - 2 = -m. Let r be 10/15*(-21)/p. Let k = 46 - r. What is the remainder when k is divided by 18?
17
Let q be 7 - 2 - (-1 + 3). Suppose 2*d - 4*a - 14 = 0, -q*d - d + 2*a = -22. Calculate the remainder when 13 is divided by d.
3
Let t(v) be the third derivative of v**5/60 + 3*v**4/8 + 7*v**3/2 - 9*v**2. Calculate the remainder when t(-10) is divided by 8.
7
Suppose 99*x - 1602 = 10*x. What is the remainder when 40 is divided by x?
4
Let d(c) = 3*c**2 - 14*c + 2. Let o be d(8). Suppose 5*s = -170 - 85. Let k = o + s. Calculate the remainder when k is divided by 8.
7
Suppose -118*q + 270 = -112*q. Let a = 6 + -3. Suppose 3*o = -o + 2*i + 44, a*o - 5*i = 26. What is the remainder when q is divided by o?
9
Suppose -4*s - 2*w + 8 = -w, -6 = -3*s - w. Suppose -r - s*r + 315 = 0. Suppose -4*f - f = -r. Calculate the remainder when f is divided by 6.
3
Let s = 680 + -525. Calculate the remainder when s is divided by 23.
17
Suppose 0 = 5*x - 50 - 30. Let t(a) = -a**3 + 45*a**2 - 126*a + 60. What is the remainder when t(42) is divided by x?
12
Let n(d) = -2*d**2 - 6*d + 17. Suppose -4*h + 4 + 4 = 0. Calculate the remainder when (0/(-3) - -42) + h is divided by n(-4).
8
Suppose 7*o + 2*o - 972 = 0. Suppose -d = -10*d + o. What is the remainder when 46 is divided by d?
10
Suppose -5*l - 5*x + 120 = -0*l, 0 = l - 2*x - 15. Let s be 204/l + 2/7. Suppose -2*u + 20 + s = 0. What is the remainder when 57 is divided by u?
12
Let g(h) = 3*h**3 + 11*h**2 + 9*h + 2. Let t(x) = 2*x**3 + 6*x**2 + 5*x + 1. Let c(m) = 3*g(m) - 5*t(m). Calculate the remainder when c(3) is divided by 3.
1
Calculate the remainder when 281 is divided by (57 - 1)*((-2016)/(-98))/12.
89
Let q(j) = j**3 - 16*j**2 - 16*j - 1. Suppose z + 4*g = -0*z + 34, -4*g - 196 = -4*z. What is the remainder when z is divided by q(17)?
14
Suppose -7*s = -0*s - 28. Suppose -p - 3 = 0, 5*p = 5*b - s*b - 17. What is the remainder when b is divided by 1?
0
Let f be (-63)/(5/(-40)*3). Suppose -v - 2*c = -44, 5*v = 2*c + c + f. Calculate the remainder when v is divided by 23.
13
Let x(n) = -n**3 + 14*n**2 + 33*n + 15. Suppose p + 2*p = 48. What is the remainder when x(16) is divided by p?
15
Suppose -8*b = -b - 21. Suppose 4*s = -h + b*s + 97, -4*s = -2*h + 164. Calculate the remainder when h is divided by (-508)/(-16) - 2/(-8).
28
Suppose 4*w - 28 = -4*b, 4*w - 3*w = 2*b + 4. What is the remainder when (1*-4)/(w/(-12)) is divided by 3?
2
Let k(r) = -r**2 - 4*r - 3. Let h be (1 + 4/(-3))*9. Let m be k(h). Let x(q) = q**3 + 17. Calculate the remainder when 50 is divided by x(m).
16
Suppose a = 6*a. Calculate the remainder when 6 is divided by a + -4*(-3 + 2).
2
Let s = -104 - -113. What is the remainder when 80 is divided by s?
8
Let l = -16 + 27. Suppose -4*p + 381 = q, 2*p - q = 4*q + 185. Suppose -54*d + p = -49*d. Calculate the remainder when d is divided by l.
8
Suppose -2*h + 2*o = o - 143, h - 5*o = 85. Suppose 7*w - 6*w = h. Suppose w + 5 = 5*r. Calculate the remainder when 28 is divided by r.
13
Suppose 7*b - 9*b = -120. Calculate the remainder when b is divided by 32.
28
Suppose -32*z - 114 = -b - 28*z, -2*z - 552 = -5*b. Calculate the remainder when 657 is divided by b.
107
Suppose -1169 - 739 = -36*a. Calculate the remainder when 528 is divided by a.
51
Let g = -1290 + 1305. Calculate the remainder when 213 is divided by g.
3
Suppose 200 - 38 - 82 = 4*m. Suppose 4*a - 70 = -22. Calculate the remainder when m is divided by a.
8
Suppose -r + 4*r - 332 = 5*m, -4*r = -m - 420. Suppose -52 = -4*n - v, 80 = 5*n - 4*v + 9*v. Calculate the remainder when (-3)/(-9) + r/3 is divided by n.
11
Suppose -12 - 57 = -3*y. Suppose 5*i - 2*h + 5*h - 20 = 0, y = 4*i + h. Let j(w) = w**2 - 6*w + 11. Calculate the remainder when j(8) is divided by i.
6
Suppose 15*a = 7*a + 8. Calculate the remainder when 2*(-5)/4*-2 is divided by (-4 - -3)*a - -3.
1
Let z(a) = 27*a**2 + 1. Let n be z(-1). Suppose 0 = -4*j + 5*j - 75. Suppose -c - n - 17 = -w, j = 2*w + c. What is the remainder when w is divided by 21?
19
Suppose w + 0 = 12. Let h be (-8)/6*w/(-8). Let y = h + 33. What is the remainder when y is divided by 9?
8
Suppose 2*n - 1 = -17. What is the remainder when 20 is divided by (0 - n) + (-13 - -16)?
9
Suppose 5*d - 24 = 4*a, 2*a + 6 = d - 0*a. Let y(p) = 3*p - 7. Let w be y(d). Suppose -x + w + 14 = 0. What is the remainder when 75 is divided by x?
18
Suppose 0*s + 5*s = 65. Let q = 1862 + -1807. What is the remainder when q is divided by s?
3
Suppose 0 = 5*a + 2*t - 42, 4*a - 76*t = -72*t + 28. What is the remainder when 1062 is divided by a?
6
Let b = 84 - 144. Let z = -57 - b. Calculate the remainder when 13 is divided by z.
1
Suppose -4*b + 0*d = 4*d + 24, 0 = 3*b - 2*d - 7. Let g be 0/(2 + 0 + b). Suppose g = -2*i + 7*i - 5. What is the remainder when 1 is divided by i?
0
Let z(i) = 11*i - 9. Suppose -9*n + 4*n + 145 = 0. What is the remainder when z(6) is divided by n?
28
Let n = 632 + -562. What is the remainder when n is divided by 31?
8
Let i(u) = 4*u**2 - 5*u - 10. Suppose -v = -2 + 1. Let q(s) = s**2. Let o(d) = v*i(d) - 3*q(d). Calculate the remainder when 6 is divided by